5, 13
Let k(r) be the third derivative of -1/24*r**4 - 1/20*r**5 + r**2 + 0*r + 0*r**3 + 0 - 1/120*r**6. What are the prime factors of k(-3)?
3
Suppose 5*i - 5*n - 85 = 0, 34 = 4*i + n - 34. List the prime factors of i.
17
Let i(k) = -k**2 - 4*k + 5. Let b be i(-5). List the prime factors of (b - 2 - -1)*-14.
2, 7
Suppose -2*w - 16 = -4*w. Suppose 0 = -2*r - 2*r + w. What are the prime factors of r?
2
Let z = -2 - -9. What are the prime factors of z?
7
Suppose -14 = -g + 52. List the prime factors of g.
2, 3, 11
Suppose -12 = 4*k + 4. What are the prime factors of ((-56)/12)/(k/6)?
7
Let n(g) = -2*g - 5. Suppose 3*d = 4*x - 9*x, -x = 2*d. Let r be x + 0 + -6 + 0. List the prime factors of n(r).
7
Let b be (-62)/4*(5 - 3). Let y = -17 - b. What are the prime factors of y?
2, 7
Suppose 2*k - 1 = k. Suppose -k = 2*u - 5. Suppose 5*w = -5, -u*q + 1 = 2*w - 9. What are the prime factors of q?
2, 3
Let x = 26 + -24. Suppose 0*l - 3*l + x*m + 110 = 0, l - 3*m - 46 = 0. List the prime factors of l.
2, 17
Suppose -2*m - 5*m + 245 = 0. What are the prime factors of m?
5, 7
Let a(m) = 5*m**2 + 3*m + 2. Let c be -6 - -6 - (1 - -1). List the prime factors of a(c).
2
Let t be 34/12 - (-1)/6. Suppose c = 2*a + 8, -t = -5*c + 5*a + 27. What are the prime factors of c?
2
Suppose 5*p - 98 = -23. Let u = 19 - p. What are the prime factors of u?
2
Suppose -4*j - 1652 = -5*g, -3*j - 2*j = 4*g - 1338. List the prime factors of g.
2, 83
Let u(a) = 2*a**2 - 6*a - 7. Let c be u(5). Suppose 3*x - c = 11. List the prime factors of x.
2
Let d = -3 - -9. Suppose -b + 5 = d. What are the prime factors of 14 + 0/((-3)/b)?
2, 7
Let k(r) = r - 4. Let f be k(-6). What are the prime factors of 1/(-2) - 225/f?
2, 11
What are the prime factors of 231 + (1/3)/(16/(-48))?
2, 5, 23
List the prime factors of -3*2*(-22)/12.
11
Let d(k) = -k. Let v be d(6). Let u(q) be the second derivative of -q**5/20 - 5*q**4/12 + q**3/2 - 7*q**2/2 - 2*q. What are the prime factors of u(v)?
11
Let o = 60 - 31. What are the prime factors of o?
29
Let h(b) = -1 - 1 - 27*b + 1 - 1. List the prime factors of h(-1).
5
Suppose 5*y + 4*h = h + 1307, y + 4*h - 258 = 0. What are the prime factors of y?
2, 131
Let g = -5 + 34. What are the prime factors of g?
29
List the prime factors of ((-138)/4)/((-72)/336).
7, 23
Suppose -2*j + 2*z + 8 = 0, 0 = 3*j + 3*z - 21 + 9. Suppose 0 = j*b - 0*b. Suppose 21 = l + 4*k, 0 = 3*k - b*k - 9. What are the prime factors of l?
3
Suppose 2*t - x - 199 = 0, 0*t + 3*x + 102 = t. List the prime factors of t.
3, 11
Suppose -7 = -2*w - 3. What are the prime factors of 11 - (-2 + w + 1)?
2, 5
What are the prime factors of (-78)/(-4)*(-6)/(-9)?
13
Let i be (2 + 1)/(0 - -1). Suppose -b - 4*b - 12 = g, -3*g + 18 = -i*b. Suppose 0*k + g*k - 15 = 0. List the prime factors of k.
5
Suppose 67 = -5*t + 3*g, 2*t - 1 = -4*g - 7. Let w = 15 + t. What are the prime factors of -1*2*(-22)/w?
11
Let i(k) = 2*k**3 + 3*k**2 - 2*k + 3. Let m be i(-3). Let q be (-9 + 10)/(1/4). What are the prime factors of (-70)/(-9) - q/m?
2
Let k(o) = -2*o**2 + 2*o - 2. Let l be k(2). List the prime factors of 171/6*l/(-9).
19
List the prime factors of 4/1 + (1 - -2).
7
Let b(j) = -2*j**3 + j**2 + j + 2. Let q = 9 + -11. List the prime factors of b(q).
2, 5
Suppose 2*i + 15 = -3*i, -2*a + 5*i + 21 = 0. Let t = -1 + a. What are the prime factors of t?
2
Suppose y + 2*y = 0. Suppose y = 5*n + 3*s - 271, s + 115 = 2*n - 0*s. What are the prime factors of n?
2, 7
Suppose i - 2 = 5. Let j = i - 2. List the prime factors of j.
5
Let b be (-3)/6*(1 - 5). Suppose b*i - 9 - 2 = -w, 9 = i - 3*w. Let k = 13 - i. What are the prime factors of k?
7
Let s be (6/10)/(2/20). Let n = s - 2. List the prime factors of n.
2
Let c = -29 - -17. Let u = c - -14. What are the prime factors of u?
2
Let t(m) = m**2 + 9. List the prime factors of t(0).
3
Suppose -2*w = 15 - 21. Let f(q) = q**2 + q + 3. Let t be f(0). Suppose -w*v + t*g = 2*v - 65, -2*v = -4*g - 26. What are the prime factors of v?
13
Suppose 39*h - 34*h = 375. List the prime factors of h.
3, 5
Let n be 48/(-7) + 2/(-14). Let k = 23 + n. List the prime factors of k.
2
List the prime factors of (-6)/(-4) - (-13)/2.
2
Let b(r) = -r + 1. Let o(k) = -3*k**2 - 8*k + 9. Let h(c) = 5*b(c) - o(c). What are the prime factors of h(3)?
2
Let l = 1 + 4. Suppose y + l = 5*d, 2*y - 10 + 2 = d. List the prime factors of y.
5
Let i(o) = o**2 - 2*o - 1. Let z = 2 - -1. Let n be i(z). Suppose -k + n*d = -14, -4*k + k + 36 = -3*d. List the prime factors of k.
2, 5
Let a(c) = 5*c + 1. Suppose -o + 0*o - 12 = 2*n, -o - 28 = 4*n. Let d(k) = k**2 + 8*k + 2. Let w be d(n). List the prime factors of a(w).
11
Suppose 5*l - 67 = 228. What are the prime factors of l?
59
Let v = -168 + 196. What are the prime factors of v?
2, 7
List the prime factors of (-96)/(-2) - (1 - 1).
2, 3
Let p = 32 + -24. List the prime factors of p.
2
Let r(v) be the third derivative of v**4/12 - 2*v**3 + 2*v**2. Let l be r(10). Suppose -10 = -5*c - 0*w - w, 4*w = -4*c + l. What are the prime factors of c?
2
Let o = -3 - -4. Suppose -29 = -2*a + 4*k + o, a + 4*k = 9. List the prime factors of a.
13
What are the prime factors of 41/3 + 4/12?
2, 7
Let x(f) be the second derivative of f**3 - f**2/2 + 2*f. List the prime factors of x(3).
17
Let o be -2 + 1*(-2 + 16). Let l = 16 - 10. Let k = o - l. What are the prime factors of k?
2, 3
Let f = -35 - -78. List the prime factors of f.
43
Suppose -512 = -3*w - 11. What are the prime factors of w?
167
Let d(n) = 0 - 6*n**2 + 8*n**2 + 3. What are the prime factors of d(4)?
5, 7
Let k = -18 + 72. List the prime factors of k.
2, 3
Let q(p) be the second derivative of p**4/12 + 5*p**3/6 + p**2/2 - 10*p. List the prime factors of q(5).
3, 17
Let j = -84 - -53. List the prime factors of j/(3 + -4) - 1.
2, 3, 5
Suppose -19 = -5*a + 1. Suppose 0*x + 100 = a*x. List the prime factors of x.
5
Suppose 0*x = -5*x + 5*m + 40, 5*x = 4*m + 45. Let o = x + -2. What are the prime factors of o?
11
Let p be (2 + 2)/4 - -4. Let b(i) = -i**3 + 4*i**2 + 4*i + 5. Let m be b(5). Suppose m = n + 3*n - 5*s - 35, -4*s = -p*n + 46. List the prime factors of n.
2, 5
Suppose 0 = -m + a + 5, 5*a = -5*m - 0*a + 45. List the prime factors of m.
7
Let d(h) = h. Let k be d(6). Suppose s = -s + k. Suppose -s*l - l + 22 = n, -3*n = -l - 1. What are the prime factors of l?
5
Let g(t) = -t**3 + 8*t**2 - 6*t + 4. List the prime factors of g(5).
7
Suppose 5*k - 5*t + 3*t = 20, 4*t = 4*k - 16. Let m be (-2 + k)/((-2)/(-3)). Suppose m*o = -o + 48. List the prime factors of o.
2, 3
Suppose -3*c - 2*c = -50. Suppose 0*o = -3*x - o + 25, -2*x + c = 4*o. What are the prime factors of x?
3
Suppose 10*z = 4357 - 1117. What are the prime factors of z?
2, 3
Suppose 3*c - 2*c - 4*f = 21, 105 = 5*c - f. List the prime factors of c.
3, 7
Let g(h) = -13*h + 9. List the prime factors of g(-4).
61
Let j be (6 + -5)/(1/5). Suppose -z - 5*i + i = 9, 2*z + j*i + 6 = 0. What are the prime factors of z?
7
Let h = -19 + 13. Let m(r) = -r**3 - 6*r**2 - 2*r - 9. Let g be m(h). Suppose -4*o - 3*y = -0*o - 9, -5*y = g*o + 7. List the prime factors of o.
2, 3
Let o(k) = -2*k + 4. List the prime factors of o(-4).
2, 3
Suppose -2*f = 4*d - 58, -5*f - 2*d - d + 152 = 0. What are the prime factors of f?
31
Let b(s) = 14*s**2 + 59*s. Let z(u) = 5*u**2 + 20*u. Let r(h) = -4*b(h) + 11*z(h). What are the prime factors of r(-13)?
3, 13
Let k(w) = -2*w - 2*w**2 + 0*w + w**2 + w**3 - 2. Let m be k(3). What are the prime factors of ((-4)/m)/(1/(-5))?
2
Let o = -804 + 39. What are the prime factors of o/(-25) + (-2)/(-5)?
31
Suppose -w = 0, -5*w + 2 = 4*m - 2. List the prime factors of m - 3 - (-7 - 1).
2, 3
Let h(u) = -u**2 + 3*u + 1. Let d(f) be the first derivative of -2*f**3/3 + 5*f**2/2 + f + 2. Let o(c) = -3*d(c) + 5*h(c). What are the prime factors of o(-3)?
11
Let j(l) = 2*l + 0*l - l + 7. Let b(c) = -4*c**3 - 2*c**2 + c. Let f be b(1). List the prime factors of j(f).
2
Let s(x) be the second derivative of x**3/6 - 5*x**2/2 - 4*x. What are the prime factors of s(9)?
2
Suppose -4*h + 4*s + 0 = -12, 5*h - 4*s = 20. List the prime factors of 2 - (2 - (-2 + h)).
2, 3
Let q = 18 + -2. What are the prime factors of q?
2
Let k(d) = -6*d**3 - 2*d**2 - d. Let